t l(a) be the second derivative of 1/6*a**3 + 0 - 2*a + 2*a**2. Let v be 32/(-48)*30/4. Calculate l(v).
-1
Let j(a) = -13*a**2 + a. Let g = -96 + 51. Let d be g/(-9) + -5 + 1. What is j(d)?
-12
Suppose 0 = 31*m - 38*m - 14. Let b(r) = r**2 + 1 - 2 + 0*r**2 + 3*r**3 + 2*r + 0*r**2. Determine b(m).
-25
Suppose 0*l = -5*p + 5*l + 60, -3*p + 46 = 2*l. Let b = p + -9. Let m(g) = g**3 - 6*g**2 + 4*g + 5. Calculate m(b).
0
Let y(b) = -18*b + 37. Let v be y(2). Let g(l) = -8*l**2 - 1. Calculate g(v).
-9
Let g(h) = -h**3 + h**2 - h - 1. Let p = 3 - 22. Let a = 9 + p. Let t = -10 - a. What is g(t)?
-1
Let s(i) be the first derivative of 2*i**3/3 - i**2/2 - 4*i - 456. Calculate s(-2).
6
Let q(w) = 9*w - w - 4*w - 3*w**3 - 3 + 7*w**2 + 4*w**3. Calculate q(-6).
9
Suppose 17*x = -14*x. Let k(s) = s**2 + 9*s - 5 + 3*s - 13*s. What is k(x)?
-5
Let d(a) be the second derivative of -a**7/840 + a**6/72 + a**5/20 + 5*a**3/3 - 8*a. Let q(u) be the second derivative of d(u). Give q(6).
0
Let h(g) = -g - 14. Let k be (-11)/(-4) + (-3)/(-12). Let l be k/2 + (-46)/4. Let r be h(l). Let f(j) = j - 4. Give f(r).
-8
Let u(g) be the first derivative of -g**6/120 + g**5/20 + g**4/24 - g**3/6 - 4*g**2 + 10. Let d(l) be the second derivative of u(l). Calculate d(4).
-13
Let w(l) = -l**3 - 3*l**2 + 5*l - 2. Let r be (-30 + 29)*((-3)/(-3) + 3). Give w(r).
-6
Let p be 0 + 1 - 0/1. Suppose -p = r - d, 4*r + d + 16 = -d. Let o(y) = -2*y - 3. What is o(r)?
3
Let y(n) = 4*n + 10. Let c(w) = w + 5. Let a(o) = 2*c(o) - y(o). Give a(7).
-14
Let n(z) be the third derivative of z**4/6 - 7*z**3/6 + 35*z**2 + 3. Determine n(7).
21
Let t = -2326 - -2330. Let u = 11 - 5. Let q(n) = 0*n**2 + u*n - 1 - n**2 - 4. Calculate q(t).
3
Let z(b) = -b**2 + 5*b + 6. Let d be z(5). Let j(a) = a**3 - a**2 - 7. Let q(x) = x**2 - 1. Let w(f) = -j(f) + 5*q(f). Determine w(d).
2
Let h(z) = -4 + 4 - z**2 - 6*z - 3. Let x(l) = -l**2 + 12*l - 31. Let i be x(8). Let m(f) = -4*f**2. Let r be m(i). What is h(r)?
5
Let j(n) = n + 127 + 138 - 390 + 128. Calculate j(9).
12
Let d(x) = x**2 + 2*x - 1. Let v = -33 + 35. Suppose 4*s = v*s + 2. What is d(s)?
2
Let z(r) = r**2 - 3*r + 2. Let w be 22/(-99) + (-94)/(-18). Suppose 0 = w*g - 5*n - 20, 2*n = g - 6*g - 8. Suppose k - 2*k + 5 = g. Determine z(k).
12
Let a(r) = -2*r**2 + 6*r + 5. Let h be (-1 - (-10)/4) + 182/(-4). Let d = 49 + h. What is a(d)?
-15
Let p be 4/((12 - 8)/4). Let q(z) be the third derivative of -1/24*z**p + 0*z + 0 - 1/6*z**3 - 5*z**2. Determine q(-3).
2
Suppose 2*h = 2, -z - h + 2 = 2*h. Suppose 2*y - 4 = 0, 0 = 4*s - 6*s + 5*y. Let f(o) = -2*o + 0 + 4*o**2 + 3*o**2 - s*o**2 - 1. Determine f(z).
3
Suppose 0 = 6*f + 3*f + 9. Let j(d) = -1. Let i(k) = 6*k + 1. Let m(z) = -i(z) - 2*j(z). Calculate m(f).
7
Let j(i) be the third derivative of 0*i - 3*i**2 + 0 - 1/2*i**3 - 1/24*i**4. Let v(p) = -3*p - 65. Let f be v(-21). Determine j(f).
-1
Suppose 0*u + 6*u = 4*u. Let v(y) = y + u*y - 6 + 0*y. Give v(5).
-1
Let n(z) = 6*z - 6. Let t(i) = 18*i - 16. Let d(q) = 17*n(q) - 6*t(q). Calculate d(-5).
24
Let b(c) = -5*c - 3. Suppose 0*i = -5*i - 15, 14 = -4*q - 2*i. Determine b(q).
7
Let p be 1 - ((-54)/(-3))/(-1). Let d = 24 - p. Let n(b) = b**2 - 5*b - 1. Let t be n(d). Let m(l) = 4*l. Give m(t).
-4
Let j be 3 - (-24)/(-12 + 6). Let f(b) = -24*b**2 - b - 1. Determine f(j).
-24
Let v(i) be the first derivative of 1 - i + 1/2*i**2. Let s = 8 + -10. Calculate v(s).
-3
Suppose -4*w + b + 23 = 0, 2*w + 5*b + 0 = -5. Let d(j) = -33*j**2 + j - 2. Let f(k) = 50*k**2 - 2*k + 3. Let n(i) = w*f(i) + 8*d(i). Determine n(-1).
-13
Suppose -4*q - x + 10 = 0, -4*q = -3*q - 3*x - 9. Let r(n) be the second derivative of -n**3/3 - n**2/2 - 14*n. Determine r(q).
-7
Suppose -22*y = -23*y - 3. Let g(u) = u**3 + 5*u**2 + 5*u + 2. Determine g(y).
5
Let k be (5*-2)/(20/(-8)). Let p(v) = -3 - 3*v - 3*v + 0*v + k*v. Give p(-4).
5
Let v be 2/(-3)*1 + 1176/252. Let m(l) = -l**2 + 2*l. What is m(v)?
-8
Let d(m) = -6*m**3 + m - 1. Let p = 141 + -140. Determine d(p).
-6
Suppose -8*z + 23 = -1. Suppose z*a + 15 = -3. Let f(u) = u - 4. What is f(a)?
-10
Let n(q) = -4*q + 1. Let u(s) = -27*s - 2 - 38*s + 72*s. Let v(t) = -5*n(t) - 3*u(t). Calculate v(-6).
7
Let j(s) = -s**3 + 13*s**2 - 12*s + 4. Let i be j(12). Let y(g) = -9 + 7*g**3 - 5*g - 2*g - i*g**3 - 2*g**3 + 6*g**2. Calculate y(-7).
-9
Let p(h) be the second derivative of -h**3/6 - 3*h**2 + 2*h. Let r be p(-8). Let q be r/(-4)*(-8)/1. Let a(g) = g**2 - 4*g - 1. Determine a(q).
-1
Let p(t) = -13*t**3 - t - 1. Let k be -8 + (-49)/(4 + -11). Calculate p(k).
13
Suppose 0*j + 2*j = -5*f - 35, -25 = f + 4*j. Let p(c) be the third derivative of 1/4*c**4 + 1/60*c**5 + 1/2*c**3 + 0*c - 11*c**2 + 0. Give p(f).
-2
Suppose 3*u = -0*u + 3. Let y(h) = h**2 + h - 1. Let d(b) = 9*b**2 - 4*b + 3. Let f(m) = u*d(m) + 3*y(m). Let t be (-60)/(-84) + (-2)/(-7). Calculate f(t).
11
Let h(z) be the first derivative of z**2/2 + 8*z + 1. Suppose 0 = 10*y - 158 + 228. What is h(y)?
1
Let b(i) = i**3 + 5*i**2 - 9. Let m be -8 - -6 - (12 + -9). Calculate b(m).
-9
Let w(k) = k**2 - 4*k + 9. Let a(z) = -z**2 + 5*z - 11. Let l(j) = -6*a(j) - 7*w(j). Let o be 6/4*2*-1. What is l(o)?
0
Let w(q) = q**3 - 11*q**2 + 28*q + 5. Let b be w(7). Let z(m) = m**3 - 7*m**2 + 9*m + 10. Determine z(b).
5
Let l(j) = -2*j - 4*j + 3 + 10*j - j. Let p(i) = -i**3 - 13*i**2 - 24*i - 25. Let n be p(-11). Calculate l(n).
-6
Let h = -2 + 1. Let t be 15/9 - 32/(-6). Let a(o) = o + t*o - o. Give a(h).
-7
Suppose -42*f + 40*f = 62. Let u = -29 - f. Let o(i) = -i**2 + 4*i - 2. Determine o(u).
2
Let q = -51 + 44. Let l(m) = -m - 2. What is l(q)?
5
Let v(k) = -k**3 - 19*k**2 - 17*k - 18. Let g be v(-18). Let b be (-4)/(-8) - g/(-8). Let t(u) = u**3 + 3*u**2 - u + 3. What is t(b)?
-9
Let n(x) = x**2 - 5*x - 3. Let v(d) = -4*d - 128. Let k be v(-33). Calculate n(k).
-7
Let k(n) = n. Let i = -29 + 25. Let b be (i - (-2 - 4)) + -1. Let m be -3 - b/1*1. Give k(m).
-4
Let d(k) = 2*k**2 - 7*k. Let p(r) = 6*r**2 - 19*r. Let u(n) = -17*d(n) + 6*p(n). Give u(-6).
42
Let m = 86 - 89. Let h be 3/(6/4) + m. Let x(g) = 16*g**3 + g + 1. Give x(h).
-16
Let q = -8 - -9. Suppose -2*l = 2*l - 8. Let o(n) = 2 - 1 + 3*n**2 - l*n + 8*n**2 - 7*n**2. Determine o(q).
3
Suppose 0 = 2*c - 5*c + x + 25, 3*c - 37 = 4*x. Let y(q) = -c*q - q + 3*q**2 - 3 + 3*q - 2*q**2. Calculate y(6).
3
Let p(c) = c**2 + 46*c - 430. Let h be p(8). Let u(z) be the first derivative of 3 + 0 + 2*z**2 + 0*z - 2*z - 2*z**3. Calculate u(h).
-18
Let o(t) = -t**3 + 4*t**2 + 7*t - 4. Let a(p) = -p**2 + 15*p + 59. Suppose 0 = -4*g - 3*q + 78, 0*g = -4*g + 2*q + 68. Let x be a(g). What is o(x)?
6
Let c(t) = 2*t**3 - 4*t**2 + 2*t. Let m be c(2). Let h(d) = -d - m*d**2 - 1 + 0*d**2 + 5*d**2. Suppose 2*j - 2*q = -j + 8, 0 = 5*j + 4*q - 6. Calculate h(j).
1
Suppose -20*k = -15*k - 30. Suppose -k*c + 8 = -4. Let z(s) = s**3 - 2*s**2 + 4*s - 3. Calculate z(c).
5
Let w(n) be the second derivative of n**4/4 + n**2 + 6*n. Let s(x) be the first derivative of w(x). Let b(y) = -y. Let l(i) = -35*b(i) - 5*s(i). What is l(-1)?
-5
Let o(q) = q**3 - 21*q**2 + 37*q + 25. Let s(b) = 3*b**3 - 17*b**2 + 32*b - 5. Let g be s(3). Give o(g).
6
Let u be 3/(-5) - 40/(-25) - -1. Let y(s) = -s + u + 6*s**2 - 3*s**2 - 2*s**2 - 3*s. Determine y(4).
2
Let i = -2721 - -2715. Let f(h) = h**3 + 5*h**2 + 2*h + 3. Calculate f(i).
-45
Let j(p) = -p - 2*p - 8 + 0. Let z(k) = 5*k - 8 + 2*k - 5*k - 6*k. Let y(d) = 5*j(d) - 4*z(d). What is y(6)?
-2
Let p(n) = -n**3 + 5*n**2 + 5*n + 7. Suppose -4*y - 7 = -3*x, 0 = 6*y - 2*y + x - 13. Suppose 7 = -y*u - 3. Let a(f) = -2*f - 4. Let k be a(u). Determine p(k).
1
Let q(r) = r**3 - r**2 - 4*r + 1. Suppose l + 5*u - 27 = 0, -4 = -4*l - 2*u + 14. Let f be q(l). Let v(c) = c**3 + 3*c**2 + 3. What is v(f)?
3
Let w(m) = 14*m + 103. Let c(y) = 5*y + 39. Let o(f) = 8*c(f) - 3*w(f). Let h be 9/6*(1 - -1). What is o(h)?
-3
Let i(h) = h**3 + 13*h**2 + 37*h - 5. Let y be i(-9). Let r(m) = -2*m - 31. Calculate r(y).
-3
Let q be (-4)/(-12) - (1 + 3/9). Let b be (-1)/((-6)/(-9)) - q/2. Let f(y) be the first derivative of y**2 + 1. What is f(b)?
-2
Let k = 337 - 327. Let x(a) = a**2 - 9*a - 3. Calculate x(k).
7
Let k(w) = w - 1. Let z(v) = -3*v + 8. Let i(q) =